{"id":37,"date":"2022-01-07T16:50:08","date_gmt":"2022-01-07T16:50:08","guid":{"rendered":"https:\/\/dgs-d.de\/?page_id=37"},"modified":"2024-01-10T18:42:29","modified_gmt":"2024-01-10T17:42:29","slug":"wissenswertes","status":"publish","type":"page","link":"https:\/\/dgs-d.de\/?page_id=37","title":{"rendered":"kostentr\u00e4ger"},"content":{"rendered":"<h2><span style=\"font-family: tahoma, arial, helvetica, sans-serif; font-size: 18pt;\"><span style=\"font-size: 14pt;\">Dolmetschende sind in den vielf\u00e4ltigsten Bereichen einsetzbar. Eine \u00dcbersicht finden Sie <a href=\"https:\/\/dgs-d.de\/?page_id=130\">HIER<\/a>.<\/span><span style=\"font-size: 14pt; color: #008000;\"><br \/>\n<\/span><\/span><\/h2>\n<p><span style=\"font-family: tahoma, arial, helvetica, sans-serif; font-size: 12pt;\">Die Kosten werden meistens von offiziellen Tr\u00e4gern \u00fcbernommen. Nur bestimmte Bereiche m\u00fcssen privat gezahlt werden.<\/span><\/p>\n<p>&nbsp;<\/p>\n<pre><span style=\"font-family: tahoma, arial, helvetica, sans-serif; font-size: 12pt; color: #ff6600;\"><strong>\n<table id=\"tablepress-3\" class=\"tablepress tablepress-id-3\">\n<thead>\n<tr class=\"row-1\">\n\t<th class=\"column-1\">Bereich<\/th><th class=\"column-2\">Kostentr\u00e4ger<\/th><th colspan=\"2\" class=\"column-3\">Beantragung notwendig?<\/th>\n<\/tr>\n<\/thead>\n<tbody class=\"row-striping row-hover\">\n<tr class=\"row-2\">\n\t<td class=\"column-1\">Arbeitsleben<\/td><td class=\"column-2\">Integrationsamt\/ Kommunaler Sozialverband (KSV)<\/td><td class=\"column-3\">ja<\/td><td class=\"column-4\">in Sachsen \u00fcber das vereinfachte Verwaltungsverfahren (VVV) der LDZ<br \/>\n<br \/>\nHier muss lediglich ein einzelnes Formular ausgef\u00fcllt werden (wahlweise online).<br \/>\n<br \/>\nDieses wird zur Pr\u00fcfung bzw. Genehmigung an den Integrationsfachdienst geschickt und von dort direkt zur Landesdolmetscherzentrale weitergeleitet, welche sich um die Organisation des Dolmetschers k\u00fcmmert. Ggf. Wunschdolmetscher vermerken.<br \/>\n<br \/>\nFormular<a href=\"https:\/\/dgs-d.de\/wp-content\/uploads\/2022\/01\/Antrag-VVV_NEU-2021_ausfuellbar.pdf\" rel=\"noopener\" target=\"_blank\">Formular<\/a><\/td>\n<\/tr>\n<tr class=\"row-3\">\n\t<td class=\"column-1\">Medizin<\/td><td class=\"column-2\">ambulant und station\u00e4r: Krankenkasse<br \/>\n<br \/>\n(\u00e4ndert sich m\u00f6glicherweise; abh\u00e4ngig VdeK-Vertrag)<br \/>\n<br \/>\ndann station\u00e4r: Krankenhaus\/ Fallpauschale<\/td><td class=\"column-3\">(nein)<\/td><td class=\"column-4\">Ausnahme sind Reha-Ma\u00dfnahmen bzw. ambulante Therapien \u2013 bei der Krankenkasse oder ggf. Rentenversicherung beantragen<\/td>\n<\/tr>\n<tr class=\"row-4\">\n\t<td class=\"column-1\">\u00c4mter<\/td><td class=\"column-2\">das jeweilige Amt<\/td><td class=\"column-3\">ja<\/td><td class=\"column-4\">formlos<br \/>\n<br \/>\nunbedingt im Vorfeld beantragen, sonst erfolgt keine Kosten\u00fcbernahme!<\/td>\n<\/tr>\n<tr class=\"row-5\">\n\t<td class=\"column-1\">Polizei, Gericht<\/td><td class=\"column-2\">die jeweilige Beh\u00f6rde<\/td><td class=\"column-3\">(ja)<\/td><td class=\"column-4\">formlos<br \/>\n<br \/>\nDolmetscher wird meist von der Beh\u00f6rde selbst bestellt (am besten nachfragen)<\/td>\n<\/tr>\n<tr class=\"row-6\">\n\t<td class=\"column-1\">Bildung<\/td><td class=\"column-2\">Fort- und Weiterbildungen\/ Seminare etc. innerhalb eines sozialversicherungspflichtigen Arbeits-verh\u00e4ltnisses: Integrationsamt\/ KSV<br \/>\n<br \/>\nAusbildung (Schule, Berufsschule, Studium, Umschulung): evt. Amt f\u00fcr Familie und Soziales (bitte konkret erfragen)<br \/>\n<br \/>\nVolkshochschule, Kurse o.\u00e4.: Selbstzahler<\/td><td class=\"column-3\">ja<\/td><td class=\"column-4\">formlos<\/td>\n<\/tr>\n<tr class=\"row-7\">\n\t<td class=\"column-1\">Privatleben, \u00f6ffentliches Leben<\/td><td class=\"column-2\">Selbstzahler<\/td><td class=\"column-3\">nein<\/td><td class=\"column-4\"><\/td>\n<\/tr>\n<\/tbody>\n<\/table>\n<!-- #tablepress-3 from cache --><\/strong><\/span><\/pre>\n<p>&nbsp;<\/p>\n","protected":false},"excerpt":{"rendered":"<p class=\"qua-blog-post-description\">Dolmetschende sind in den vielf\u00e4ltigsten Bereichen einsetzbar. Eine \u00dcbersicht finden Sie HIER. Die Kosten werden meistens von offiziellen Tr\u00e4gern \u00fcbernommen. Nur bestimmte Bereiche m\u00fcssen privat gezahlt werden. &nbsp; &nbsp;<\/p>\n","protected":false},"author":1,"featured_media":0,"parent":0,"menu_order":0,"comment_status":"closed","ping_status":"closed","template":"full-width.php","meta":{"footnotes":""},"class_list":["post-37","page","type-page","status-publish","hentry"],"yoast_head":"<!-- This site is optimized with the Yoast SEO plugin v27.4 - https:\/\/yoast.com\/product\/yoast-seo-wordpress\/ -->\n<title>kostentr\u00e4ger - Das Gegen\u00fcber besser verstehen<\/title>\n<meta name=\"description\" content=\"Hier erfahren Sie, welche Kostentr\u00e4ger in Sachsen die Eins\u00e4tze von Geb\u00e4rdensprachdolmetschern \u00fcbernehmen k\u00f6nnen.\" \/>\n<meta name=\"robots\" content=\"index, follow, max-snippet:-1, max-image-preview:large, max-video-preview:-1\" \/>\n<link rel=\"canonical\" href=\"https:\/\/dgs-d.de\/?page_id=37\" \/>\n<meta property=\"og:locale\" content=\"de_DE\" \/>\n<meta property=\"og:type\" content=\"article\" \/>\n<meta property=\"og:title\" content=\"kostentr\u00e4ger - Das Gegen\u00fcber besser verstehen\" \/>\n<meta property=\"og:description\" content=\"Hier erfahren Sie, welche Kostentr\u00e4ger in Sachsen die Eins\u00e4tze von Geb\u00e4rdensprachdolmetschern \u00fcbernehmen k\u00f6nnen.\" \/>\n<meta property=\"og:url\" content=\"https:\/\/dgs-d.de\/?page_id=37\" \/>\n<meta property=\"og:site_name\" content=\"Das Gegen\u00fcber besser verstehen\" \/>\n<meta property=\"article:modified_time\" content=\"2024-01-10T17:42:29+00:00\" \/>\n<meta name=\"twitter:card\" content=\"summary_large_image\" \/>\n<meta name=\"twitter:label1\" content=\"Gesch\u00e4tzte Lesezeit\" \/>\n\t<meta name=\"twitter:data1\" content=\"1\u00a0Minute\" \/>\n<script type=\"application\/ld+json\" class=\"yoast-schema-graph\">{\"@context\":\"https:\\\/\\\/schema.org\",\"@graph\":[{\"@type\":\"WebPage\",\"@id\":\"https:\\\/\\\/dgs-d.de\\\/?page_id=37\",\"url\":\"https:\\\/\\\/dgs-d.de\\\/?page_id=37\",\"name\":\"kostentr\u00e4ger - Das Gegen\u00fcber besser verstehen\",\"isPartOf\":{\"@id\":\"https:\\\/\\\/dgs-d.de\\\/#website\"},\"datePublished\":\"2022-01-07T16:50:08+00:00\",\"dateModified\":\"2024-01-10T17:42:29+00:00\",\"description\":\"Hier erfahren Sie, welche Kostentr\u00e4ger in Sachsen die Eins\u00e4tze von Geb\u00e4rdensprachdolmetschern \u00fcbernehmen k\u00f6nnen.\",\"breadcrumb\":{\"@id\":\"https:\\\/\\\/dgs-d.de\\\/?page_id=37#breadcrumb\"},\"inLanguage\":\"de\",\"potentialAction\":[{\"@type\":\"ReadAction\",\"target\":[\"https:\\\/\\\/dgs-d.de\\\/?page_id=37\"]}]},{\"@type\":\"BreadcrumbList\",\"@id\":\"https:\\\/\\\/dgs-d.de\\\/?page_id=37#breadcrumb\",\"itemListElement\":[{\"@type\":\"ListItem\",\"position\":1,\"name\":\"Startseite\",\"item\":\"https:\\\/\\\/dgs-d.de\\\/\"},{\"@type\":\"ListItem\",\"position\":2,\"name\":\"kostentr\u00e4ger\"}]},{\"@type\":\"WebSite\",\"@id\":\"https:\\\/\\\/dgs-d.de\\\/#website\",\"url\":\"https:\\\/\\\/dgs-d.de\\\/\",\"name\":\"Das Gegen\u00fcber besser verstehen\",\"description\":\"\u00dcbersetzungen f\u00fcr Deutsche Geb\u00e4rdensprache &amp; Deutsch\",\"publisher\":{\"@id\":\"https:\\\/\\\/dgs-d.de\\\/#organization\"},\"potentialAction\":[{\"@type\":\"SearchAction\",\"target\":{\"@type\":\"EntryPoint\",\"urlTemplate\":\"https:\\\/\\\/dgs-d.de\\\/?s={search_term_string}\"},\"query-input\":{\"@type\":\"PropertyValueSpecification\",\"valueRequired\":true,\"valueName\":\"search_term_string\"}}],\"inLanguage\":\"de\"},{\"@type\":\"Organization\",\"@id\":\"https:\\\/\\\/dgs-d.de\\\/#organization\",\"name\":\"Das Gegen\u00fcber besser verstehen\",\"url\":\"https:\\\/\\\/dgs-d.de\\\/\",\"logo\":{\"@type\":\"ImageObject\",\"inLanguage\":\"de\",\"@id\":\"https:\\\/\\\/dgs-d.de\\\/#\\\/schema\\\/logo\\\/image\\\/\",\"url\":\"https:\\\/\\\/dgs-d.de\\\/wp-content\\\/uploads\\\/2022\\\/01\\\/cropped-Logo_2-1.png\",\"contentUrl\":\"https:\\\/\\\/dgs-d.de\\\/wp-content\\\/uploads\\\/2022\\\/01\\\/cropped-Logo_2-1.png\",\"width\":153,\"height\":92,\"caption\":\"Das Gegen\u00fcber besser verstehen\"},\"image\":{\"@id\":\"https:\\\/\\\/dgs-d.de\\\/#\\\/schema\\\/logo\\\/image\\\/\"}}]}<\/script>\n<!-- \/ Yoast SEO plugin. -->","yoast_head_json":{"title":"kostentr\u00e4ger - Das Gegen\u00fcber besser verstehen","description":"Hier erfahren Sie, welche Kostentr\u00e4ger in Sachsen die Eins\u00e4tze von Geb\u00e4rdensprachdolmetschern \u00fcbernehmen k\u00f6nnen.","robots":{"index":"index","follow":"follow","max-snippet":"max-snippet:-1","max-image-preview":"max-image-preview:large","max-video-preview":"max-video-preview:-1"},"canonical":"https:\/\/dgs-d.de\/?page_id=37","og_locale":"de_DE","og_type":"article","og_title":"kostentr\u00e4ger - Das Gegen\u00fcber besser verstehen","og_description":"Hier erfahren Sie, welche Kostentr\u00e4ger in Sachsen die Eins\u00e4tze von Geb\u00e4rdensprachdolmetschern \u00fcbernehmen k\u00f6nnen.","og_url":"https:\/\/dgs-d.de\/?page_id=37","og_site_name":"Das Gegen\u00fcber besser verstehen","article_modified_time":"2024-01-10T17:42:29+00:00","twitter_card":"summary_large_image","twitter_misc":{"Gesch\u00e4tzte Lesezeit":"1\u00a0Minute"},"schema":{"@context":"https:\/\/schema.org","@graph":[{"@type":"WebPage","@id":"https:\/\/dgs-d.de\/?page_id=37","url":"https:\/\/dgs-d.de\/?page_id=37","name":"kostentr\u00e4ger - Das Gegen\u00fcber besser verstehen","isPartOf":{"@id":"https:\/\/dgs-d.de\/#website"},"datePublished":"2022-01-07T16:50:08+00:00","dateModified":"2024-01-10T17:42:29+00:00","description":"Hier erfahren Sie, welche Kostentr\u00e4ger in Sachsen die Eins\u00e4tze von Geb\u00e4rdensprachdolmetschern \u00fcbernehmen k\u00f6nnen.","breadcrumb":{"@id":"https:\/\/dgs-d.de\/?page_id=37#breadcrumb"},"inLanguage":"de","potentialAction":[{"@type":"ReadAction","target":["https:\/\/dgs-d.de\/?page_id=37"]}]},{"@type":"BreadcrumbList","@id":"https:\/\/dgs-d.de\/?page_id=37#breadcrumb","itemListElement":[{"@type":"ListItem","position":1,"name":"Startseite","item":"https:\/\/dgs-d.de\/"},{"@type":"ListItem","position":2,"name":"kostentr\u00e4ger"}]},{"@type":"WebSite","@id":"https:\/\/dgs-d.de\/#website","url":"https:\/\/dgs-d.de\/","name":"Das Gegen\u00fcber besser verstehen","description":"\u00dcbersetzungen f\u00fcr Deutsche Geb\u00e4rdensprache &amp; Deutsch","publisher":{"@id":"https:\/\/dgs-d.de\/#organization"},"potentialAction":[{"@type":"SearchAction","target":{"@type":"EntryPoint","urlTemplate":"https:\/\/dgs-d.de\/?s={search_term_string}"},"query-input":{"@type":"PropertyValueSpecification","valueRequired":true,"valueName":"search_term_string"}}],"inLanguage":"de"},{"@type":"Organization","@id":"https:\/\/dgs-d.de\/#organization","name":"Das Gegen\u00fcber besser verstehen","url":"https:\/\/dgs-d.de\/","logo":{"@type":"ImageObject","inLanguage":"de","@id":"https:\/\/dgs-d.de\/#\/schema\/logo\/image\/","url":"https:\/\/dgs-d.de\/wp-content\/uploads\/2022\/01\/cropped-Logo_2-1.png","contentUrl":"https:\/\/dgs-d.de\/wp-content\/uploads\/2022\/01\/cropped-Logo_2-1.png","width":153,"height":92,"caption":"Das Gegen\u00fcber besser verstehen"},"image":{"@id":"https:\/\/dgs-d.de\/#\/schema\/logo\/image\/"}}]}},"_links":{"self":[{"href":"https:\/\/dgs-d.de\/index.php?rest_route=\/wp\/v2\/pages\/37","targetHints":{"allow":["GET"]}}],"collection":[{"href":"https:\/\/dgs-d.de\/index.php?rest_route=\/wp\/v2\/pages"}],"about":[{"href":"https:\/\/dgs-d.de\/index.php?rest_route=\/wp\/v2\/types\/page"}],"author":[{"embeddable":true,"href":"https:\/\/dgs-d.de\/index.php?rest_route=\/wp\/v2\/users\/1"}],"replies":[{"embeddable":true,"href":"https:\/\/dgs-d.de\/index.php?rest_route=%2Fwp%2Fv2%2Fcomments&post=37"}],"version-history":[{"count":15,"href":"https:\/\/dgs-d.de\/index.php?rest_route=\/wp\/v2\/pages\/37\/revisions"}],"predecessor-version":[{"id":180,"href":"https:\/\/dgs-d.de\/index.php?rest_route=\/wp\/v2\/pages\/37\/revisions\/180"}],"wp:attachment":[{"href":"https:\/\/dgs-d.de\/index.php?rest_route=%2Fwp%2Fv2%2Fmedia&parent=37"}],"curies":[{"name":"wp","href":"https:\/\/api.w.org\/{rel}","templated":true}]}}