{"id":43,"date":"2022-01-07T16:50:44","date_gmt":"2022-01-07T16:50:44","guid":{"rendered":"https:\/\/dgs-d.de\/?page_id=43"},"modified":"2022-01-24T11:07:56","modified_gmt":"2022-01-24T10:07:56","slug":"agb","status":"publish","type":"page","link":"https:\/\/dgs-d.de\/?page_id=43","title":{"rendered":"agb"},"content":{"rendered":"<h1><span style=\"font-family: tahoma, arial, helvetica, sans-serif; color: #008000;\">Meine Allgemeinen Gesch\u00e4ftsbedingungen finden Sie hier:<\/span><\/h1>\n<p><a href=\"https:\/\/dgs-d.de\/wp-content\/uploads\/2022\/01\/AGB-Andra-Heinz.pdf\" target=\"_blank\" rel=\"noopener\"><img loading=\"lazy\" decoding=\"async\" class=\"alignnone wp-image-66\" src=\"https:\/\/dgs-d.de\/wp-content\/uploads\/2022\/01\/AGB-Button.png\" alt=\"\" width=\"300\" height=\"136\" srcset=\"https:\/\/dgs-d.de\/wp-content\/uploads\/2022\/01\/AGB-Button.png 454w, https:\/\/dgs-d.de\/wp-content\/uploads\/2022\/01\/AGB-Button-300x136.png 300w\" sizes=\"auto, (max-width: 300px) 100vw, 300px\" \/><\/a><\/p>\n","protected":false},"excerpt":{"rendered":"<p class=\"qua-blog-post-description\">Meine Allgemeinen Gesch\u00e4ftsbedingungen finden Sie hier:<\/p>\n","protected":false},"author":1,"featured_media":0,"parent":0,"menu_order":0,"comment_status":"closed","ping_status":"closed","template":"quality-page-builder-default.php","meta":{"footnotes":""},"class_list":["post-43","page","type-page","status-publish","hentry"],"yoast_head":"<!-- This site is optimized with the Yoast SEO plugin v27.5 - https:\/\/yoast.com\/product\/yoast-seo-wordpress\/ -->\n<title>agb AGB - Das Gegen\u00fcber besser verstehen<\/title>\n<meta name=\"description\" content=\"AGB; Allgemeine Gesch\u00e4ftsbedingungen; Grundlage f\u00fcr vertragliche Vereinbarungen und Eins\u00e4tze\" \/>\n<meta name=\"robots\" content=\"index, follow, max-snippet:-1, max-image-preview:large, max-video-preview:-1\" \/>\n<link rel=\"canonical\" href=\"https:\/\/dgs-d.de\/?page_id=43\" \/>\n<meta property=\"og:locale\" content=\"de_DE\" \/>\n<meta property=\"og:type\" content=\"article\" \/>\n<meta property=\"og:title\" content=\"agb AGB - Das Gegen\u00fcber besser verstehen\" \/>\n<meta property=\"og:description\" content=\"AGB; Allgemeine Gesch\u00e4ftsbedingungen; Grundlage f\u00fcr vertragliche Vereinbarungen und Eins\u00e4tze\" \/>\n<meta property=\"og:url\" content=\"https:\/\/dgs-d.de\/?page_id=43\" \/>\n<meta property=\"og:site_name\" content=\"Das Gegen\u00fcber besser verstehen\" \/>\n<meta property=\"article:modified_time\" content=\"2022-01-24T10:07:56+00:00\" \/>\n<meta property=\"og:image\" content=\"https:\/\/dgs-d.de\/wp-content\/uploads\/2022\/01\/AGB-Button.png\" \/>\n<meta name=\"twitter:card\" content=\"summary_large_image\" \/>\n<script type=\"application\/ld+json\" class=\"yoast-schema-graph\">{\"@context\":\"https:\\\/\\\/schema.org\",\"@graph\":[{\"@type\":\"WebPage\",\"@id\":\"https:\\\/\\\/dgs-d.de\\\/?page_id=43\",\"url\":\"https:\\\/\\\/dgs-d.de\\\/?page_id=43\",\"name\":\"agb AGB - Das Gegen\u00fcber besser verstehen\",\"isPartOf\":{\"@id\":\"https:\\\/\\\/dgs-d.de\\\/#website\"},\"primaryImageOfPage\":{\"@id\":\"https:\\\/\\\/dgs-d.de\\\/?page_id=43#primaryimage\"},\"image\":{\"@id\":\"https:\\\/\\\/dgs-d.de\\\/?page_id=43#primaryimage\"},\"thumbnailUrl\":\"https:\\\/\\\/dgs-d.de\\\/wp-content\\\/uploads\\\/2022\\\/01\\\/AGB-Button.png\",\"datePublished\":\"2022-01-07T16:50:44+00:00\",\"dateModified\":\"2022-01-24T10:07:56+00:00\",\"description\":\"AGB; Allgemeine Gesch\u00e4ftsbedingungen; Grundlage f\u00fcr vertragliche Vereinbarungen und Eins\u00e4tze\",\"breadcrumb\":{\"@id\":\"https:\\\/\\\/dgs-d.de\\\/?page_id=43#breadcrumb\"},\"inLanguage\":\"de\",\"potentialAction\":[{\"@type\":\"ReadAction\",\"target\":[\"https:\\\/\\\/dgs-d.de\\\/?page_id=43\"]}]},{\"@type\":\"ImageObject\",\"inLanguage\":\"de\",\"@id\":\"https:\\\/\\\/dgs-d.de\\\/?page_id=43#primaryimage\",\"url\":\"https:\\\/\\\/dgs-d.de\\\/wp-content\\\/uploads\\\/2022\\\/01\\\/AGB-Button.png\",\"contentUrl\":\"https:\\\/\\\/dgs-d.de\\\/wp-content\\\/uploads\\\/2022\\\/01\\\/AGB-Button.png\",\"width\":454,\"height\":206},{\"@type\":\"BreadcrumbList\",\"@id\":\"https:\\\/\\\/dgs-d.de\\\/?page_id=43#breadcrumb\",\"itemListElement\":[{\"@type\":\"ListItem\",\"position\":1,\"name\":\"Startseite\",\"item\":\"https:\\\/\\\/dgs-d.de\\\/\"},{\"@type\":\"ListItem\",\"position\":2,\"name\":\"agb\"}]},{\"@type\":\"WebSite\",\"@id\":\"https:\\\/\\\/dgs-d.de\\\/#website\",\"url\":\"https:\\\/\\\/dgs-d.de\\\/\",\"name\":\"Das Gegen\u00fcber besser verstehen\",\"description\":\"\u00dcbersetzungen f\u00fcr Deutsche Geb\u00e4rdensprache &amp; Deutsch\",\"publisher\":{\"@id\":\"https:\\\/\\\/dgs-d.de\\\/#organization\"},\"potentialAction\":[{\"@type\":\"SearchAction\",\"target\":{\"@type\":\"EntryPoint\",\"urlTemplate\":\"https:\\\/\\\/dgs-d.de\\\/?s={search_term_string}\"},\"query-input\":{\"@type\":\"PropertyValueSpecification\",\"valueRequired\":true,\"valueName\":\"search_term_string\"}}],\"inLanguage\":\"de\"},{\"@type\":\"Organization\",\"@id\":\"https:\\\/\\\/dgs-d.de\\\/#organization\",\"name\":\"Das Gegen\u00fcber besser verstehen\",\"url\":\"https:\\\/\\\/dgs-d.de\\\/\",\"logo\":{\"@type\":\"ImageObject\",\"inLanguage\":\"de\",\"@id\":\"https:\\\/\\\/dgs-d.de\\\/#\\\/schema\\\/logo\\\/image\\\/\",\"url\":\"https:\\\/\\\/dgs-d.de\\\/wp-content\\\/uploads\\\/2022\\\/01\\\/cropped-Logo_2-1.png\",\"contentUrl\":\"https:\\\/\\\/dgs-d.de\\\/wp-content\\\/uploads\\\/2022\\\/01\\\/cropped-Logo_2-1.png\",\"width\":153,\"height\":92,\"caption\":\"Das Gegen\u00fcber besser verstehen\"},\"image\":{\"@id\":\"https:\\\/\\\/dgs-d.de\\\/#\\\/schema\\\/logo\\\/image\\\/\"}}]}<\/script>\n<!-- \/ Yoast SEO plugin. -->","yoast_head_json":{"title":"agb AGB - Das Gegen\u00fcber besser verstehen","description":"AGB; Allgemeine Gesch\u00e4ftsbedingungen; Grundlage f\u00fcr vertragliche Vereinbarungen und Eins\u00e4tze","robots":{"index":"index","follow":"follow","max-snippet":"max-snippet:-1","max-image-preview":"max-image-preview:large","max-video-preview":"max-video-preview:-1"},"canonical":"https:\/\/dgs-d.de\/?page_id=43","og_locale":"de_DE","og_type":"article","og_title":"agb AGB - Das Gegen\u00fcber besser verstehen","og_description":"AGB; Allgemeine Gesch\u00e4ftsbedingungen; Grundlage f\u00fcr vertragliche Vereinbarungen und Eins\u00e4tze","og_url":"https:\/\/dgs-d.de\/?page_id=43","og_site_name":"Das Gegen\u00fcber besser verstehen","article_modified_time":"2022-01-24T10:07:56+00:00","og_image":[{"url":"https:\/\/dgs-d.de\/wp-content\/uploads\/2022\/01\/AGB-Button.png","type":"","width":"","height":""}],"twitter_card":"summary_large_image","schema":{"@context":"https:\/\/schema.org","@graph":[{"@type":"WebPage","@id":"https:\/\/dgs-d.de\/?page_id=43","url":"https:\/\/dgs-d.de\/?page_id=43","name":"agb AGB - Das Gegen\u00fcber besser verstehen","isPartOf":{"@id":"https:\/\/dgs-d.de\/#website"},"primaryImageOfPage":{"@id":"https:\/\/dgs-d.de\/?page_id=43#primaryimage"},"image":{"@id":"https:\/\/dgs-d.de\/?page_id=43#primaryimage"},"thumbnailUrl":"https:\/\/dgs-d.de\/wp-content\/uploads\/2022\/01\/AGB-Button.png","datePublished":"2022-01-07T16:50:44+00:00","dateModified":"2022-01-24T10:07:56+00:00","description":"AGB; Allgemeine Gesch\u00e4ftsbedingungen; Grundlage f\u00fcr vertragliche Vereinbarungen und Eins\u00e4tze","breadcrumb":{"@id":"https:\/\/dgs-d.de\/?page_id=43#breadcrumb"},"inLanguage":"de","potentialAction":[{"@type":"ReadAction","target":["https:\/\/dgs-d.de\/?page_id=43"]}]},{"@type":"ImageObject","inLanguage":"de","@id":"https:\/\/dgs-d.de\/?page_id=43#primaryimage","url":"https:\/\/dgs-d.de\/wp-content\/uploads\/2022\/01\/AGB-Button.png","contentUrl":"https:\/\/dgs-d.de\/wp-content\/uploads\/2022\/01\/AGB-Button.png","width":454,"height":206},{"@type":"BreadcrumbList","@id":"https:\/\/dgs-d.de\/?page_id=43#breadcrumb","itemListElement":[{"@type":"ListItem","position":1,"name":"Startseite","item":"https:\/\/dgs-d.de\/"},{"@type":"ListItem","position":2,"name":"agb"}]},{"@type":"WebSite","@id":"https:\/\/dgs-d.de\/#website","url":"https:\/\/dgs-d.de\/","name":"Das Gegen\u00fcber besser verstehen","description":"\u00dcbersetzungen f\u00fcr Deutsche Geb\u00e4rdensprache &amp; Deutsch","publisher":{"@id":"https:\/\/dgs-d.de\/#organization"},"potentialAction":[{"@type":"SearchAction","target":{"@type":"EntryPoint","urlTemplate":"https:\/\/dgs-d.de\/?s={search_term_string}"},"query-input":{"@type":"PropertyValueSpecification","valueRequired":true,"valueName":"search_term_string"}}],"inLanguage":"de"},{"@type":"Organization","@id":"https:\/\/dgs-d.de\/#organization","name":"Das Gegen\u00fcber besser verstehen","url":"https:\/\/dgs-d.de\/","logo":{"@type":"ImageObject","inLanguage":"de","@id":"https:\/\/dgs-d.de\/#\/schema\/logo\/image\/","url":"https:\/\/dgs-d.de\/wp-content\/uploads\/2022\/01\/cropped-Logo_2-1.png","contentUrl":"https:\/\/dgs-d.de\/wp-content\/uploads\/2022\/01\/cropped-Logo_2-1.png","width":153,"height":92,"caption":"Das Gegen\u00fcber besser verstehen"},"image":{"@id":"https:\/\/dgs-d.de\/#\/schema\/logo\/image\/"}}]}},"_links":{"self":[{"href":"https:\/\/dgs-d.de\/index.php?rest_route=\/wp\/v2\/pages\/43","targetHints":{"allow":["GET"]}}],"collection":[{"href":"https:\/\/dgs-d.de\/index.php?rest_route=\/wp\/v2\/pages"}],"about":[{"href":"https:\/\/dgs-d.de\/index.php?rest_route=\/wp\/v2\/types\/page"}],"author":[{"embeddable":true,"href":"https:\/\/dgs-d.de\/index.php?rest_route=\/wp\/v2\/users\/1"}],"replies":[{"embeddable":true,"href":"https:\/\/dgs-d.de\/index.php?rest_route=%2Fwp%2Fv2%2Fcomments&post=43"}],"version-history":[{"count":5,"href":"https:\/\/dgs-d.de\/index.php?rest_route=\/wp\/v2\/pages\/43\/revisions"}],"predecessor-version":[{"id":67,"href":"https:\/\/dgs-d.de\/index.php?rest_route=\/wp\/v2\/pages\/43\/revisions\/67"}],"wp:attachment":[{"href":"https:\/\/dgs-d.de\/index.php?rest_route=%2Fwp%2Fv2%2Fmedia&parent=43"}],"curies":[{"name":"wp","href":"https:\/\/api.w.org\/{rel}","templated":true}]}}